In base 3, what is 0 - -1002?
1002
In base 8, what is 201 + -1?
200
In base 12, what is 67 - 4?
63
In base 12, what is 13a + -28?
112
In base 4, what is 1 - 1003?
-1002
In base 4, what is 20022 + -1?
20021
In base 9, what is 3206 - 0?
3206
In base 11, what is 5 + -86?
-81
In base 4, what is 101120 - -1?
101121
In base 14, what is -3 + 1ba0?
1b9b
In base 6, what is 1 + 2010?
2011
In base 3, what is 20221 - -12?
21010
In base 13, what is -249b - -5?
-2496
In base 5, what is -31000 + -3?
-31003
In base 12, what is -18 - 9?
-25
In base 12, what is 564 - -3?
567
In base 11, what is -3993 - -4?
-398a
In base 14, what is -15 - 3b?
-52
In base 12, what is 557 + 3?
55a
In base 12, what is 354 + -1?
353
In base 2, what is -1000010101001111 - -100?
-1000010101001011
In base 8, what is 434 - -5?
441
In base 16, what is -14c + -6?
-152
In base 5, what is -114 - 21?
-140
In base 8, what is -1256 + 5?
-1251
In base 10, what is 250 + 1?
251
In base 16, what is 1 - -7b?
7c
In base 15, what is c - -3e?
4b
In base 15, what is -3 - -de5?
de2
In base 9, what is 181 - 12?
168
In base 2, what is 110111 - 101?
110010
In base 9, what is 0 + 60?
60
In base 12, what is -4 + 34?
30
In base 6, what is -1153 + -2?
-1155
In base 8, what is -203 + 20?
-163
In base 9, what is -2015 - 15?
-2031
In base 9, what is 10 - -43?
53
In base 2, what is 11101011 + 100?
11101111
In base 9, what is 407 + -4?
403
In base 6, what is -4042 + 2?
-4040
In base 15, what is 4 - -864?
868
In base 3, what is -120101001 - -2?
-120100222
In base 7, what is 613 + 3?
616
In base 7, what is -1221 - -4?
-1214
In base 10, what is -3 - 289?
-292
In base 7, what is -3150 + -3?
-3153
In base 12, what is 0 - -6b5?
6b5
In base 15, what is 3c - -b6?
103
In base 10, what is 12 - -3?
15
In base 11, what is 64 + 5?
69
In base 12, what is 370 - -4?
374
In base 11, what is -11 + 2a?
19
In base 9, what is 1 + 341?
342
In base 9, what is -4 - 60?
-64
In base 16, what is -1e - -32?
14
In base 9, what is -2 + 134?
132
In base 12, what is -3 - -919?
916
In base 10, what is -8 - -977?
969
In base 15, what is -3 + 43?
40
In base 14, what is -2266 - 3?
-2269
In base 16, what is 14 + -1c?
-8
In base 16, what is -adf9 + -1?
-adfa
In base 9, what is 40174 + 2?
40176
In base 15, what is 6057 + -4?
6053
In base 2, what is 10110110 + 0?
10110110
In base 4, what is -311 - -10?
-301
In base 14, what is 4 + 1a1?
1a5
In base 2, what is -100100 - -10?
-100010
In base 13, what is -228 - -1?
-227
In base 11, what is 59 + -4?
55
In base 15, what is -2 - 9?
-b
In base 5, what is -1410 + 32?
-1323
In base 16, what is -6 - -b?
5
In base 4, what is 11 - 32222?
-32211
In base 6, what is -155 + 4?
-151
In base 14, what is -39 - -3?
-36
In base 12, what is -286 - -18?
-26a
In base 7, what is 125 + -120?
5
In base 16, what is -4 - -23f?
23b
In base 15, what is -b2 - 2d?
-e0
In base 14, what is -4 + -61?
-65
In base 5, what is 241 + -10?
231
In base 15, what is -b - -da?
ce
In base 14, what is 1 + -b5?
-b4
In base 13, what is -15b + -3?
-161
In base 10, what is 1739 - -3?
1742
In base 12, what is -12 - 20?
-32
In base 6, what is -35 + -1?
-40
In base 8, what is 11 - 4?
5
In base 12, what is 2 + -340?
-33a
In base 11, what is -759 - -2?
-757
In base 13, what is 3 - 8?
-5
In base 7, what is 251 + -1?
250
In base 8, what is 25443 - -3?
25446
In base 16, what is b - -4?
f
In base 3, what is -10 - -12001222?
12001212
In base 16, what is -966 + -1?
-967
In base 7, what is -10 - 5?
-15
In base 14, what is 50 + -66?
-16
In base 14, what is -108 + -6?
-110
In base 15, what is 94 - -13?
a7
In base 15, what is -2 - 52?
-54
In base 7, what is 35 - -152?
220
In base 12, what is 838 - 2?
836
In base 7, what is -3 + -32060?
-32063
In base 14, what is 1c53 - 1?
1c52
In base 6, what is 0 + -45?
-45
In base 2, what is 1110100101 - 1?
1110100100
In base 8, what is -415 + 17?
-376
In base 6, what is 3 + 2313?
2320
In base 14, what is -1c9b - -3?
-1c98
In base 5, what is 230 - 3?
222
In base 9, what is -10 - -52?
42
In base 6, what is 0 + 2022?
2022
In base 9, what is 4 - 55?
-51
In base 13, what is -14b3 + 4?
-14ac
In base 6, what is 13 + 1105?
1122
In base 15, what is -84 + 18?
-6b
In base 2, what is -100 - 111000000?
-111000100
In base 2, what is 1 - 1100000000000?
-1011111111111
In base 12, what is -108 - -45?
-83
In base 14, what is -22 + -14?
-36
In base 7, what is -406 + -3?
-412
In base 8, what is -5 + 244?
237
In base 13, what is -1 - 2c2?
-2c3
In base 3, what is -20 + -102022?
-102112
In base 3, what is -1000 + 1022212?
1021212
In base 8, what is 207 + -32?
155
In base 11, what is 4 + 183?
187
In base 5, what is 3300 - 1?
3244
In base 16, what is 3 - 1f?
-1c
In base 11, what is -19 - -126?
108
In base 13, what is -8 - -3?
-5
In base 7, what is 5665 + -3?
5662
In base 13, what is 72 + -4?
6b
In base 13, what is 17 - 68?
-51
In base 2, what is 100110100 + 11100?
101010000
In base 12, what is 327 + -4?
323
In base 7, what is -1151 - -3?
-1145
In base 15, what is -3 + 75e?
75b
In base 11, what is -2 + -188?
-18a
In base 4, what is 10 + 301?
311
In base 3, what is -10022 - -20?
-10002
In base 3, what is 10 + -110211111?
-110211101
In base 8, what is 3 + -100?
-75
In base 8, what is 706 - -4?
712
In base 10, what is 72 - -1?
73
In base 3, what is 221112 + 2?
221121
In base 5, what is -24041 - 20?
-24111
In base 14, what is 3 - 2c7?
-2c4
In base 7, what is -12 + -142?
-154
In base 3, what is 2012 - 2?
2010
In base 3, what is 1200 + 10?
1210
In base 3, what is 201122 - 2?
201120
In base 15, what is -4 + -96?
-9a
In base 15, what is 4 + -8d?
-89
In base 6, what is 42 - -23?
105
In base 8, what is -11277 - 5?
-11304
In base 3, what is 10 + 1110?
1120
In base 9, what is 3 - -280?
283
In base 14, what is 6 + -63?
-5b
In base 8, what is -2510 + -3?
-2513
In base 11, what is 5 + -a3?
-99
In base 3, what is 102100 - 2?
102021
In base 6, what is -1 + 4?
3
In base 12, what is 50 - -26?
76
In base 5, what is -114 + -412?
-1031
In base 3, what is 12021 - -2?
12100
In base 15, what is 3e - -4?
43
In base 14, what is 0 - d8?
-d8
In base 7, what is -4 - 113?
-120
In base 8, what is -3 + -52?
-55
In base 11, what is -3 + 1362?
135a
In base 13, what is 48 - 4?
44
In base 13, what is -191 - 3?
-194
In base 16, what is 1 + -11?
-10
In base 4, what is -10 - -2213?
2203
In base 15, what is -1 - 12c?
-12d
In base 14, what is -37 - -53?
1a
In base 8, what is -27 - 2?
-31
In base 15, what is -4 - 91?
-95
In base 7, what is 2332 - 1?
2331
In base 16, what is 3 - -42?
45
In base 15, what is -1 + -831?
-832
In base 4, what is 0 + 11332?
11332
In base 7, what is -6316 - -2?
-6314
In base 7, what is -105 + 224?
116
In base 16, what is -3 - bc2?
-bc5
In base 8, what is -23 - -51?
26
In base 15, what is 2 + 2a?
2c
In base 11, what is 171 - -7?
178
In base 9, what is -60 - -22?
-37
In base 15, what is -b - -166?
15a
In base 7, what is -1123 - 5?
-1131
In base 15, what is -72b7 - -1?
-72b6
In base 4, what is 0 + 1021331?
1021331
In base 5, what is -11432 - 0?
-11432
In base 12, what is -7 - 12a?
-135
In base 13, what is 5 + 15?
1a
In base 5, what is -1 - -321?
320
In base 6, what is 3 + -4404?
-4401
In base 9, what is 1202 - 4?
1187
In base 8, what is 670 - 1?
667
In base 15, what is -1 + 45e?
45d
In base 7, what is -32066 - -5?
-32061
In base 6, what is 0 - 140?
-140
In base 2, what is -1010101000 + -1?
-1010101001
In base 10, what is -1 + 622?
621
In base 10, what is 279 - -28?
307
In base 15, what is -4 - 86b?
-870
In base 10, what is 868 + -5?
863
In base 9, what is -46 + 33?
-13
In base 14, what is 5 - 1309?
-1304
In base 8, what is -1 - 152?
-153
In base 10, what is -1 - 1198?
-1199
In base 6, what is -1 - -315?
314
In base 4, what is 3 - 30?
-21
In base 14, what is -13 + -70?
-83
In base 14, what is -273a + -2?
-273c
In base 5, what is -4 - 11?
-20
In base 5, what is 1 + 12313?
12314
In base 6, what is 1012 + 12?
1024
In base 13, what is -4 + 1a3?
19c
In base 14, what is 7 - 1a1?
-198
In base 16, what is -104 - 6?
-10a
In base 8, what is 3 - 3556?
-3553
In base 6, what is 1022 - -3?
1025
In base 3, what is -22122 + 12?
-22110
In base 9, what is -6830 - 2?
-6832
In base 7, what is -24 + 15?
-6
In base 12, what is 1 + -78b?
-78a
In base 14, what is -1290 + -1?
-1291
In base 15, what i